f a(-10).
2, 5, 41
Suppose 20*o + 10052 = 43292. Suppose -o - 120 = -3*j. What are the prime factors of j?
2, 3, 11
Let u be 3/2*(-34)/(-17). Suppose -4*l = 3*z - 387 - 535, z - u*l - 290 = 0. List the prime factors of z.
2, 151
Suppose -4*m - 744 = 2*j, j + 1842 = -4*j - 4*m. What are the prime factors of ((-1)/(-9))/(2/(-30))*j?
2, 5, 61
Suppose -4*k + 9*k + f - 11 = 0, -3*k = -2*f - 4. Suppose 0 = -d + k*m + 863, -19*m + 16*m + 2634 = 3*d. What are the prime factors of d?
3, 97
Suppose 6*o + 5 = -w + 3*o, 3*o = 3*w - 21. Suppose w = -4*m, -7*p + 5*m = -4*p - 809. What are the prime factors of p?
2, 67
List the prime factors of 18439 - (-10 + (-7 - (9 - 20))).
5, 7, 17, 31
Suppose -3*c = -7*a + 24649, 0 = -a - c + 1587 + 1940. What are the prime factors of a?
13, 271
Let q(x) be the third derivative of -29*x**4/8 - 20*x**3 - x**2. Let c(h) = -11*h - 15. Let i(g) = 33*c(g) - 4*q(g). List the prime factors of i(-5).
2, 3, 5
Let j = 10283 - -4723. What are the prime factors of j?
2, 3, 41, 61
Let y(p) = -3*p + 16. Let t be y(5). Let j(u) = -10*u**2 + 2. Let i be j(t). Let v(w) = 2*w**2 + 6*w - 2. What are the prime factors of v(i)?
2, 3, 13
Let i(s) be the first derivative of 21*s**2/2 + 11*s - 49. List the prime factors of i(5).
2, 29
Suppose k - 1116 = 3*o, 4*k - 5*o - 4488 = -o. Suppose -3*d + k = -693. What are the prime factors of d?
2, 3, 101
Let x = 76089 - 37323. List the prime factors of x.
2, 3, 7, 13, 71
Let o = -42 - -48. Let v(d) = 10 + o - 347*d + 345*d. What are the prime factors of v(7)?
2
Suppose 27*k - 3*v = 23*k + 27983, 5*v = k - 7017. What are the prime factors of k?
2, 19, 23
Suppose 2*g = -w + 147, -3*w - 15 + 0 = 0. Suppose -6*i - 68 = g. Let m = i - -186. What are the prime factors of m?
2, 3
Suppose 24 = s - 5*c - 2, -5*c - 50 = -5*s. Let a(u) = 35*u + 152. What are the prime factors of a(s)?
2, 181
Let b(y) be the second derivative of -3*y**3 - 51*y**2/2 + 52*y. What are the prime factors of b(-25)?
3, 7, 19
Let x(h) = h**3 - h**2 - 1. Let f be x(0). Let w be (32/(-5))/(f/10). Let b = w + 59. What are the prime factors of b?
3, 41
Let q(k) = k**2 + 15*k + 8. Let o be q(-12). List the prime factors of o/21 - (-994)/3.
2, 3, 5, 11
List the prime factors of 1326 - (6 - 9) - (-11 - -8).
2, 3, 37
Suppose 1139459 = -10*t + 44*t + 63*t. What are the prime factors of t?
17, 691
Let k = 5074 + 13682. What are the prime factors of k?
2, 3, 521
Let n(v) = -144*v - 329. What are the prime factors of n(-24)?
53, 59
Let w(m) = -38 + 10*m + 7 - 31 + 11 + 4*m**2. List the prime factors of w(6).
3, 17
Suppose -37 = i - 2*b + 16, 2*i - 5*b = -110. Let m = -37 - i. List the prime factors of (75/2)/(19/m - 2).
2, 5
Let t = -62862 + 118241. What are the prime factors of t?
79, 701
Suppose 3*i + 6*c - 47706 = 0, -2*i - 12*c = -7*c - 31802. What are the prime factors of i?
2, 3, 11, 241
Let c be (3 + -1)/((-4)/(-6)). List the prime factors of 2 - (-491 + -7)/c.
2, 3, 7
Suppose 0 = 3*n - 47 - 1. Suppose -19*l + n = -15*l. Suppose l*k - 334 = -2*z + 8*k, 0 = -5*k. List the prime factors of z.
167
Suppose 385*o - 363*o - 143924 = 0. List the prime factors of o.
2, 3271
Let q = -8 + 62. Let z = -47 + q. What are the prime factors of 6*-1*z/(-2)?
3, 7
List the prime factors of 12/66 + -29631*(0 - 56/77).
2, 5, 431
Let l(b) = 88*b - 119. Let s be l(6). Let t = 20 + s. What are the prime factors of t?
3, 11, 13
Let p(m) = m**2 + m**3 + 3*m**2 + 3*m**3 + 2*m - 3*m**3. Let h be p(-3). Suppose 0 = -0*i + 3*i + h*r - 111, 5*r - 105 = -3*i. What are the prime factors of i?
2, 5
Suppose -60*p = -51*p - 7731. Let q = p + -436. List the prime factors of q.
3, 47
Let n(c) = c**3 + 11*c**2 - 3*c + 8. Let z be (6/4)/(1/(-4)). Let a be n(z). Let u = -142 + a. What are the prime factors of u?
2
Let l(w) = w**2 - 33*w - 179. List the prime factors of l(-29).
1619
Suppose 3*c + 3*f + 0*f - 174 = 0, -186 = -3*c + 3*f. Suppose 36 = 2*t - 4*o - 6, c = 2*t + 5*o. Suppose t + 19 = x. What are the prime factors of x?
2, 11
Let i = -444 + 440. Let s(h) = 42*h**2 - 10*h - 30. What are the prime factors of s(i)?
2, 11, 31
Let a(z) = 5*z**3 + 3*z**2 + z - 2. Let y(x) = 5*x + 21. Let d be y(-21). Let b = d + 87. List the prime factors of a(b).
163
Let u(p) = 3*p**3 + 5*p**2 + 15*p - 72. Let m be u(7). What are the prime factors of m/2 - 203/58?
2, 5, 13
Let t(m) = -2*m**3 - 107*m**2 - 60*m - 72. List the prime factors of t(-53).
13, 23
Let j be (-6 - 49/(-7))*(-1 - -6). Suppose 5*b = -2*l + 3*l + 2, -j*b - 6 = 3*l. Let r(w) = -w**3 - 2*w**2 + 106. What are the prime factors of r(b)?
2, 53
Let w = 29877 - 11153. What are the prime factors of w?
2, 31, 151
Suppose -2*q - 4009 = 2*x - 30189, 0 = 4*q. What are the prime factors of x?
2, 5, 7, 11, 17
Let j(w) = -w**3 - 3*w - 1537. Let v be j(0). Let i = -1033 - v. Suppose i = 4*m - m. What are the prime factors of m?
2, 3, 7
Suppose -501*s - 206*s + 54153156 = 187*s. List the prime factors of s.
2, 31, 977
Let t(o) = 107*o - 295. Let s be t(6). Suppose -3*w - 501 = -x, 2*w + 2325 = 4*x + 351. Let q = x - s. What are the prime factors of q?
5, 29
Suppose 5*b + 20 = 0, 2*j + b = 3*j - 520. Let n = -60 + j. List the prime factors of n.
2, 3, 19
Suppose 0 = 3*k + 1 - 13. Suppose -4*r - 5*m + 1566 = 0, 35 = -4*r - k*m + 1599. What are the prime factors of r?
389
Let z be (14 + 20)*1*2/4. Suppose -z + 1 = -4*r. Suppose r = -3*v + 40. What are the prime factors of v?
2, 3
Let h(u) = u**2 - 8*u + 6. Let z be h(7). Let l = z + 49. List the prime factors of (0 + -3)/((-2)/l).
2, 3
Let b = -83425 - -139819. List the prime factors of b.
2, 3, 13, 241
List the prime factors of ((584/(-20))/(-1))/(6/1770).
2, 59, 73
Let d(q) = -2*q - 68. Let c be d(-33). List the prime factors of 5 + (4 + c)/(3/246).
13
Let u be -1 + -4 + 5 + -1374. Let d = -579 - u. List the prime factors of d.
3, 5, 53
Suppose 3*d - 7*d + 48 = 3*u, 3*d = u + 36. List the prime factors of (-2)/d + ((-5085)/(-54) - -1).
5, 19
Suppose 250*t - 278*t = -181272. List the prime factors of t.
2, 3, 13, 83
Let i(c) = 116*c - 78. Let m be i(25). Suppose -3*d - 2*w + m = 0, -8*d + w = -6*d - 1879. What are the prime factors of d?
2, 5, 47
Let s(f) = -f**3 - 5*f**2 + 8*f + 11. Let q be s(-6). Let p be -2 - (-3 - -9) - (-3 + q). List the prime factors of 82*((-30)/8 - p)*2.
41
Suppose 3330248 = 264*h - 64*h - 2814952. What are the prime factors of h?
2, 3, 569
What are the prime factors of (-10)/(-65) + (110602/(-13))/(-1) + 5?
8513
Let g = 2270 + -1199. Suppose -2*k + g = 2*m + k, 0 = 4*m - k - 2135. What are the prime factors of m?
2, 3, 89
Let s(b) = 265*b**2 + 58*b - 144. List the prime factors of s(12).
2, 3, 1613
Suppose 2*v - 174 = -v + o, -3*o = 0. Suppose z - 2*s + v = -3*z, 4*s = -12. Let k = 9 - z. List the prime factors of k.
5
Let q = 3856 - -26867. What are the prime factors of q?
3, 7, 11, 19
Let q = 58989 - 23424. List the prime factors of q.
3, 5, 2371
Let r be 4/8 - (-13)/(-2). Let p be (-452 - 19)*(1 - (-8)/r). Suppose 8 = 5*x - p. What are the prime factors of x?
3, 11
Let t = 2472 + 538. What are the prime factors of t?
2, 5, 7, 43
Let x(n) = -n**3 - 12*n**2 - 20*n - 1. Let j be x(-10). Let c be -7 - -3 - (j - 0 - -3). Let y = c + 20. List the prime factors of y.
2, 7
Let j = 12877 + -46052. What are the prime factors of 14/(-77) - j/55?
3, 67
Let h be -11*33 - (36 - 36). Let q = 1003 + h. List the prime factors of q.
2, 5
Suppose -2*y - 3*m - 34 = 41, -y - 3*m - 42 = 0. Let x be -1 + 0/(-3) + 2 - 52. Let t = y - x. What are the prime factors of t?
2, 3
Let m be 5 - ((-2765)/5 - 5). Let y = m - 202. What are the prime factors of y?
19
Suppose 5*j - 3*t - 5482 = 698, 4*j - 4947 = 3*t. Let m = j - 504. List the prime factors of m.
3
Let w(s) = -s**2 - s - 3. Let k(l) = -4*l**2 + 14*l - 19. Let r(y) = -k(y) + 3*w(y). List the prime factors of r(33).
2, 269
Suppose -21*l - 1 = -22*l + 2*f, 0 = 4*l - 2*f + 8. Let d(o) = 23*o**2 + 16*o + 47. List the prime factors of d(l).
2, 103
Suppose 4*u - 1214 = 2*u. Let n = u + -355. Let o = -38 + n. List the prime factors of o.
2, 107
Let m = 1776 - -281. Suppose -23*n + 20*n = 2*z - m, -4*z - 2756 = -4*n. What are the prime factors of n?
3, 229
Let z(j) = -j**2 + 13*j - 25. Let g be z(11). List the prime factors of -2*(g + 4